ded by 3148.
3115
What is the remainder when 11303 is divided by 1792?
551
Calculate the remainder when 91926 is divided by 146.
92
What is the remainder when 1412909 is divided by 141290?
9
What is the remainder when 37820 is divided by 37745?
75
What is the remainder when 52436 is divided by 1002?
332
Calculate the remainder when 2921781 is divided by 94251.
0
What is the remainder when 117646 is divided by 19576?
190
Calculate the remainder when 66510074 is divided by 1664.
1658
What is the remainder when 243586 is divided by 4683?
70
Calculate the remainder when 1507933 is divided by 1507439.
494
Calculate the remainder when 987679753 is divided by 6661.
6656
Calculate the remainder when 23390982 is divided by 2869.
25
What is the remainder when 2021709 is divided by 77758?
1
Calculate the remainder when 76992953 is divided by 1514.
1511
Calculate the remainder when 854886 is divided by 3086.
64
What is the remainder when 122145255 is divided by 151?
147
Calculate the remainder when 143951 is divided by 12.
11
What is the remainder when 77897961 is divided by 21?
15
What is the remainder when 54683027 is divided by 111598?
7
What is the remainder when 82694 is divided by 924?
458
What is the remainder when 4199233 is divided by 247?
233
What is the remainder when 1936533 is divided by 2899?
1
Calculate the remainder when 45547252 is divided by 13.
10
What is the remainder when 42453 is divided by 2290?
1233
Calculate the remainder when 101425129 is divided by 2271.
2269
Calculate the remainder when 2670208 is divided by 5000.
208
Calculate the remainder when 1885206457 is divided by 2606.
2603
Calculate the remainder when 21663682 is divided by 7221223.
13
Calculate the remainder when 185564 is divided by 18555.
14
What is the remainder when 10327 is divided by 1241?
399
What is the remainder when 3517625 is divided by 62?
55
What is the remainder when 7781993 is divided by 57?
11
Calculate the remainder when 781289 is divided by 6.
5
What is the remainder when 135672 is divided by 177?
90
Calculate the remainder when 23272747 is divided by 254.
251
What is the remainder when 36810519 is divided by 7414?
9
What is the remainder when 208078 is divided by 211?
32
What is the remainder when 39102135 is divided by 2308?
2307
What is the remainder when 655708 is divided by 48?
28
Calculate the remainder when 1840353 is divided by 1840342.
11
Calculate the remainder when 769249 is divided by 3.
1
Calculate the remainder when 490775 is divided by 54529.
14
What is the remainder when 6337736 is divided by 3180?
3176
What is the remainder when 1169441 is divided by 1551?
1538
What is the remainder when 19974254 is divided by 154?
146
What is the remainder when 320445991 is divided by 13?
8
What is the remainder when 57628 is divided by 1175?
53
What is the remainder when 5810592 is divided by 272?
128
Calculate the remainder when 12646689 is divided by 7.
6
Calculate the remainder when 3455364 is divided by 6.
0
Calculate the remainder when 8252463 is divided by 19.
3
Calculate the remainder when 1742289 is divided by 2714.
2615
Calculate the remainder when 15139890 is divided by 3784966.
26
What is the remainder when 857065 is divided by 65868?
781
Calculate the remainder when 15322419 is divided by 4060.
4039
Calculate the remainder when 7490412 is divided by 86.
70
What is the remainder when 6259 is divided by 529?
440
What is the remainder when 14042996 is divided by 739105?
1
What is the remainder when 3545416 is divided by 1181784?
64
Calculate the remainder when 15184712 is divided by 65.
62
Calculate the remainder when 45055 is divided by 8959.
260
Calculate the remainder when 46517 is divided by 544.
277
Calculate the remainder when 25103259 is divided by 165.
159
Calculate the remainder when 4593062 is divided by 147.
47
What is the remainder when 321528 is divided by 18883?
517
What is the remainder when 5384161 is divided by 1109?
1075
Calculate the remainder when 320297 is divided by 52929.
2723
What is the remainder when 2965937 is divided by 96?
17
Calculate the remainder when 8226264 is divided by 2054.
2048
Calculate the remainder when 16219678 is divided by 62.
44
Calculate the remainder when 46110844 is divided by 1229.
1222
What is the remainder when 7339978 is divided by 284?
282
What is the remainder when 501568 is divided by 250480?
608
What is the remainder when 141807022 is divided by 1944?
1942
What is the remainder when 12715 is divided by 605?
10
What is the remainder when 14696 is divided by 397?
7
Calculate the remainder when 128005 is divided by 4646.
2563
What is the remainder when 158420 is divided by 77101?
4218
Calculate the remainder when 449823 is divided by 461.
348
Calculate the remainder when 352623 is divided by 4966.
37
Calculate the remainder when 322089566 is divided by 22777.
9
What is the remainder when 5387989 is divided by 66?
13
Calculate the remainder when 486405 is divided by 366.
357
What is the remainder when 5280941 is divided by 2109?
5
Calculate the remainder when 380564 is divided by 126650.
614
What is the remainder when 31484300 is divided by 36?
32
Calculate the remainder when 3612943 is divided by 7.
5
Calculate the remainder when 2049913 is divided by 299.
268
Calculate the remainder when 47776000 is divided by 91.
90
What is the remainder when 2005192 is divided by 824?
400
Calculate the remainder when 5504814 is divided by 4622.
12
What is the remainder when 3915357 is divided by 3602?
3585
Calculate the remainder when 383282 is divided by 104.
42
What is the remainder when 2012190 is divided by 3405?
3240
What is the remainder when 6415679 is divided by 649?
314
Calculate the remainder when 86411 is divided by 10325.
3811
Calculate the remainder when 2072309 is divided by 1133.
52
What is the remainder when 914423 is divided by 143?
81
Calculate the remainder when 343101 is divided by 28587.
57
What is the remainder when 64685 is divided by 63?
47
What is the remainder when 229065703 is divided by 277?
276
Calculate the remainder when 141953119 is divided by 314.
313
Calculate the remainder when 14029077 is divided by 115.
112
What is the remainder when 15485 is divided by 14794?
691
Calculate the remainder when 952215 is divided by 15863.
435
Calculate the remainder when 16114022 is divided by 1455.
1352
What is the remainder when 2991879 is divided by 249323?
3
Calculate the remainder when 3198177 is divided by 8507.
8052
Calculate the remainder when 99059 is divided by 12212.
1363
Calculate the remainder when 615939 is divided by 913.
577
What is the remainder when 1812689 is divided by 715?
164
Calculate the remainder when 683210 is divided by 11381.
350
What is the remainder when 292270551 is divided by 33010?
11
What is the remainder when 49806 is divided by 46799?
3007
Calculate the remainder when 15192560 is divided by 31.
18
What is the remainder when 39805 is divided by 19901?
3
What is the remainder when 168928 is divided by 1056?
1024
What is the remainder when 77009 is divided by 8519?
338
What is the remainder when 5683348 is divided by 44?
0
Calculate the remainder when 228920 is divided by 2144.
1656
What is the remainder when 163055997 is divided by 125?
122
Calculate the remainder when 17487832 is divided by 306801.
175
Calculate the remainder when 1458943 is divided by 164.
163
What is the remainder when 52031 is divided by 992?
447
What is the remainder when 3031459 is divided by 115?
59
Calculate the remainder when 9069609 is divided by 78866.
19
Calculate the remainder when 92087 is divided by 2595.
1262
What is the remainder when 72413372 is divided by 25161?
14
Calculate the remainder when 194828779 is divided by 5817.
5815
Calculate the remainder when 1572115 is divided by 196445.
555
What is the remainder when 181379 is divided by 16443?
506
What is the remainder when 8729124 is divided by 69?
3
Calculate the remainder when 1740566 is divided by 92.
18
Calculate the remainder when 71272385 is divided by 477.
476
Calculate the remainder when 16976506 is divided by 10.
6
What is the remainder when 1220962 is divided by 61048?
2
Calculate the remainder when 7726 is divided by 6437.
1289
What is the remainder when 2186331 is divided by 147?
0
What is the rem